[INFO] cloning repository https://github.com/forestgiant/nrf52-hal-example
[INFO] running `Command { std: "git" "-c" "credential.helper=" "-c" "credential.helper=/workspace/cargo-home/bin/git-credential-null" "clone" "--bare" "https://github.com/forestgiant/nrf52-hal-example" "/workspace/cache/git-repos/https%3A%2F%2Fgithub.com%2Fforestgiant%2Fnrf52-hal-example", kill_on_drop: false }`
[INFO] [stderr] Cloning into bare repository '/workspace/cache/git-repos/https%3A%2F%2Fgithub.com%2Fforestgiant%2Fnrf52-hal-example'...
[INFO] running `Command { std: "git" "rev-parse" "HEAD", kill_on_drop: false }`
[INFO] [stdout] 61408e61ea11f0d21034c34c3d3bdb0908ece0b0
[INFO] checking forestgiant/nrf52-hal-example against master#cfbc6d4cf1acbac5c025acf8ed68929caa551df3 for pr-75494-beta
[INFO] running `Command { std: "git" "clone" "/workspace/cache/git-repos/https%3A%2F%2Fgithub.com%2Fforestgiant%2Fnrf52-hal-example" "/workspace/builds/worker-12/source", kill_on_drop: false }`
[INFO] [stderr] Cloning into '/workspace/builds/worker-12/source'...
[INFO] [stderr] done.
[INFO] validating manifest of git repo https://github.com/forestgiant/nrf52-hal-example on toolchain cfbc6d4cf1acbac5c025acf8ed68929caa551df3
[INFO] running `Command { std: "/workspace/cargo-home/bin/cargo" "+cfbc6d4cf1acbac5c025acf8ed68929caa551df3" "read-manifest" "--manifest-path" "Cargo.toml", kill_on_drop: false }`
[INFO] removed /workspace/builds/worker-12/source/.cargo/config
[INFO] started tweaking git repo https://github.com/forestgiant/nrf52-hal-example
[INFO] finished tweaking git repo https://github.com/forestgiant/nrf52-hal-example
[INFO] tweaked toml for git repo https://github.com/forestgiant/nrf52-hal-example written to /workspace/builds/worker-12/source/Cargo.toml
[INFO] crate git repo https://github.com/forestgiant/nrf52-hal-example already has a lockfile, it will not be regenerated
[INFO] running `Command { std: "/workspace/cargo-home/bin/cargo" "+cfbc6d4cf1acbac5c025acf8ed68929caa551df3" "fetch" "--locked" "--manifest-path" "Cargo.toml", kill_on_drop: false }`
[INFO] [stderr]     Blocking waiting for file lock on package cache
[INFO] [stderr]     Blocking waiting for file lock on package cache
[INFO] running `Command { std: "docker" "create" "-v" "/var/lib/crater-agent-workspace/builds/worker-12/target:/opt/rustwide/target:rw,Z" "-v" "/var/lib/crater-agent-workspace/builds/worker-12/source:/opt/rustwide/workdir:ro,Z" "-v" "/var/lib/crater-agent-workspace/cargo-home:/opt/rustwide/cargo-home:ro,Z" "-v" "/var/lib/crater-agent-workspace/rustup-home:/opt/rustwide/rustup-home:ro,Z" "-e" "SOURCE_DIR=/opt/rustwide/workdir" "-e" "CARGO_TARGET_DIR=/opt/rustwide/target" "-e" "CARGO_HOME=/opt/rustwide/cargo-home" "-e" "RUSTUP_HOME=/opt/rustwide/rustup-home" "-w" "/opt/rustwide/workdir" "-m" "1610612736" "--user" "0:0" "--network" "none" "rustops/crates-build-env@sha256:a636fd89d022f18117e1dc8fb37a0a009933cdbbe082814857f0e2024962d47c" "/opt/rustwide/cargo-home/bin/cargo" "+cfbc6d4cf1acbac5c025acf8ed68929caa551df3" "metadata" "--no-deps" "--format-version=1", kill_on_drop: false }`
[INFO] [stdout] f878932de51c7bdb737cb1b22080f226cbd0d31e144ed60211beaaaab0159896
[INFO] [stderr] WARNING: Your kernel does not support swap limit capabilities or the cgroup is not mounted. Memory limited without swap.
[INFO] running `Command { std: "docker" "start" "-a" "f878932de51c7bdb737cb1b22080f226cbd0d31e144ed60211beaaaab0159896", kill_on_drop: false }`
[INFO] running `Command { std: "docker" "inspect" "f878932de51c7bdb737cb1b22080f226cbd0d31e144ed60211beaaaab0159896", kill_on_drop: false }`
[INFO] running `Command { std: "docker" "rm" "-f" "f878932de51c7bdb737cb1b22080f226cbd0d31e144ed60211beaaaab0159896", kill_on_drop: false }`
[INFO] [stdout] f878932de51c7bdb737cb1b22080f226cbd0d31e144ed60211beaaaab0159896
[INFO] running `Command { std: "docker" "create" "-v" "/var/lib/crater-agent-workspace/builds/worker-12/target:/opt/rustwide/target:rw,Z" "-v" "/var/lib/crater-agent-workspace/builds/worker-12/source:/opt/rustwide/workdir:ro,Z" "-v" "/var/lib/crater-agent-workspace/cargo-home:/opt/rustwide/cargo-home:ro,Z" "-v" "/var/lib/crater-agent-workspace/rustup-home:/opt/rustwide/rustup-home:ro,Z" "-e" "SOURCE_DIR=/opt/rustwide/workdir" "-e" "CARGO_TARGET_DIR=/opt/rustwide/target" "-e" "CARGO_INCREMENTAL=0" "-e" "RUST_BACKTRACE=full" "-e" "RUSTFLAGS=--cap-lints=forbid" "-e" "CARGO_HOME=/opt/rustwide/cargo-home" "-e" "RUSTUP_HOME=/opt/rustwide/rustup-home" "-w" "/opt/rustwide/workdir" "-m" "1610612736" "--user" "0:0" "--network" "none" "rustops/crates-build-env@sha256:a636fd89d022f18117e1dc8fb37a0a009933cdbbe082814857f0e2024962d47c" "/opt/rustwide/cargo-home/bin/cargo" "+cfbc6d4cf1acbac5c025acf8ed68929caa551df3" "check" "--frozen" "--all" "--all-targets" "--message-format=json", kill_on_drop: false }`
[INFO] [stdout] 0fb4737402acced3e31f7cf48d4edf72a6efe591bdccecb869f5082c2497c853
[INFO] [stderr] WARNING: Your kernel does not support swap limit capabilities or the cgroup is not mounted. Memory limited without swap.
[INFO] running `Command { std: "docker" "start" "-a" "0fb4737402acced3e31f7cf48d4edf72a6efe591bdccecb869f5082c2497c853", kill_on_drop: false }`
[INFO] [stderr]    Compiling libc v0.2.48
[INFO] [stderr]    Compiling cc v1.0.28
[INFO] [stderr]    Compiling cfg-if v0.1.6
[INFO] [stderr]    Compiling proc-macro2 v0.4.24
[INFO] [stderr]    Compiling unicode-xid v0.1.0
[INFO] [stderr]    Compiling memchr v2.1.3
[INFO] [stderr]    Compiling semver-parser v0.7.0
[INFO] [stderr]    Compiling autocfg v0.1.2
[INFO] [stderr]    Compiling rand_core v0.3.0
[INFO] [stderr]    Compiling glob v0.2.11
[INFO] [stderr]     Checking vcell v0.1.0
[INFO] [stderr]    Compiling cortex-m-rt v0.6.7
[INFO] [stderr]    Compiling cortex-m v0.5.8
[INFO] [stderr]    Compiling scopeguard v0.3.3
[INFO] [stderr]    Compiling bitflags v1.0.4
[INFO] [stderr]    Compiling nrf52832-pac v0.6.0
[INFO] [stderr]    Compiling bindgen v0.47.0
[INFO] [stderr]     Checking nb v0.1.1
[INFO] [stderr]    Compiling nrf52832-hal v0.6.1
[INFO] [stderr]     Checking cast v0.2.2
[INFO] [stderr]     Checking panic-halt v0.2.0
[INFO] [stderr]    Compiling thread_local v0.3.6
[INFO] [stderr]    Compiling textwrap v0.10.0
[INFO] [stderr]    Compiling log v0.4.6
[INFO] [stderr]     Checking volatile-register v0.2.0
[INFO] [stderr]    Compiling rand_core v0.2.2
[INFO] [stderr]     Checking embedded-hal v0.2.2
[INFO] [stderr]    Compiling byteorder v1.3.1
[INFO] [stderr]    Compiling semver v0.9.0
[INFO] [stderr]    Compiling rand v0.5.5
[INFO] [stderr]    Compiling backtrace v0.3.13
[INFO] [stderr]    Compiling hashbrown v0.1.8
[INFO] [stderr]    Compiling rustc_version v0.2.3
[INFO] [stderr]    Compiling atty v0.2.11
[INFO] [stderr]    Compiling libloading v0.5.0
[INFO] [stderr]    Compiling backtrace-sys v0.1.28
[INFO] [stderr]    Compiling bare-metal v0.2.4
[INFO] [stderr]    Compiling clap v2.32.0
[INFO] [stderr]    Compiling quote v0.6.10
[INFO] [stderr]    Compiling aho-corasick v0.6.9
[INFO] [stderr]    Compiling nom v4.1.1
[INFO] [stderr]    Compiling syn v0.15.25
[INFO] [stderr]    Compiling clang-sys v0.27.0
[INFO] [stderr]    Compiling regex v1.1.0
[INFO] [stderr]    Compiling cexpr v0.3.4
[INFO] [stderr]    Compiling failure v0.1.5
[INFO] [stderr]    Compiling which v2.0.1
[INFO] [stderr]    Compiling env_logger v0.6.0
[INFO] [stderr]    Compiling cortex-m-rt-macros v0.1.5
[INFO] [stderr]    Compiling nrf52-hal-example v0.1.0 (/opt/rustwide/workdir)
[INFO] [stderr] error: failed to run custom build command for `nrf52-hal-example v0.1.0 (/opt/rustwide/workdir)`
[INFO] [stderr] 
[INFO] [stderr] Caused by:
[INFO] [stderr]   process didn't exit successfully: `/opt/rustwide/target/debug/build/nrf52-hal-example-9ef719f42c64bab8/build-script-build` (exit code: 101)
[INFO] [stderr]   --- stdout
[INFO] [stderr]   cargo:rustc-env=TARGET=thumbv7em-none-eabihf
[INFO] [stderr] 
[INFO] [stderr]   --- stderr
[INFO] [stderr]   ./libc/softdevice/nrf_soc.h:436:8: error: value '44' out of range for constraint 'I'
[INFO] [stderr]   ./libc/softdevice/nrf_soc.h:445:8: error: value '45' out of range for constraint 'I'
[INFO] [stderr]   ./libc/softdevice/nrf_soc.h:453:8: error: value '46' out of range for constraint 'I'
[INFO] [stderr]   ./libc/softdevice/nrf_soc.h:461:8: error: value '47' out of range for constraint 'I'
[INFO] [stderr]   ./libc/softdevice/nrf_soc.h:469:8: error: value '48' out of range for constraint 'I'
[INFO] [stderr]   ./libc/softdevice/nrf_soc.h:479:8: error: value '49' out of range for constraint 'I'
[INFO] [stderr]   ./libc/softdevice/nrf_soc.h:487:8: error: value '52' out of range for constraint 'I'
[INFO] [stderr]   ./libc/softdevice/nrf_soc.h:495:8: error: value '53' out of range for constraint 'I'
[INFO] [stderr]   ./libc/softdevice/nrf_soc.h:504:8: error: value '50' out of range for constraint 'I'
[INFO] [stderr]   ./libc/softdevice/nrf_soc.h:510:8: error: value '51' out of range for constraint 'I'
[INFO] [stderr]   ./libc/softdevice/nrf_soc.h:521:8: error: value '54' out of range for constraint 'I'
[INFO] [stderr]   ./libc/softdevice/nrf_soc.h:532:8: error: value '55' out of range for constraint 'I'
[INFO] [stderr]   ./libc/softdevice/nrf_soc.h:542:8: error: value '57' out of range for constraint 'I'
[INFO] [stderr]   ./libc/softdevice/nrf_soc.h:551:8: error: value '58' out of range for constraint 'I'
[INFO] [stderr]   ./libc/softdevice/nrf_soc.h:560:8: error: value '59' out of range for constraint 'I'
[INFO] [stderr]   ./libc/softdevice/nrf_soc.h:569:8: error: value '60' out of range for constraint 'I'
[INFO] [stderr]   ./libc/softdevice/nrf_soc.h:578:8: error: value '61' out of range for constraint 'I'
[INFO] [stderr]   ./libc/softdevice/nrf_soc.h:587:8: error: value '62' out of range for constraint 'I'
[INFO] [stderr]   ./libc/softdevice/nrf_soc.h:596:8: error: value '63' out of range for constraint 'I'
[INFO] [stderr]   fatal error: too many errors emitted, stopping now [-ferror-limit=]
[INFO] [stderr]   ./libc/softdevice/nrf_soc.h:436:8: error: value '44' out of range for constraint 'I', err: true
[INFO] [stderr]   ./libc/softdevice/nrf_soc.h:445:8: error: value '45' out of range for constraint 'I', err: true
[INFO] [stderr]   ./libc/softdevice/nrf_soc.h:453:8: error: value '46' out of range for constraint 'I', err: true
[INFO] [stderr]   ./libc/softdevice/nrf_soc.h:461:8: error: value '47' out of range for constraint 'I', err: true
[INFO] [stderr]   ./libc/softdevice/nrf_soc.h:469:8: error: value '48' out of range for constraint 'I', err: true
[INFO] [stderr]   ./libc/softdevice/nrf_soc.h:479:8: error: value '49' out of range for constraint 'I', err: true
[INFO] [stderr]   ./libc/softdevice/nrf_soc.h:487:8: error: value '52' out of range for constraint 'I', err: true
[INFO] [stderr]   ./libc/softdevice/nrf_soc.h:495:8: error: value '53' out of range for constraint 'I', err: true
[INFO] [stderr]   ./libc/softdevice/nrf_soc.h:504:8: error: value '50' out of range for constraint 'I', err: true
[INFO] [stderr]   ./libc/softdevice/nrf_soc.h:510:8: error: value '51' out of range for constraint 'I', err: true
[INFO] [stderr]   ./libc/softdevice/nrf_soc.h:521:8: error: value '54' out of range for constraint 'I', err: true
[INFO] [stderr]   ./libc/softdevice/nrf_soc.h:532:8: error: value '55' out of range for constraint 'I', err: true
[INFO] [stderr]   ./libc/softdevice/nrf_soc.h:542:8: error: value '57' out of range for constraint 'I', err: true
[INFO] [stderr]   ./libc/softdevice/nrf_soc.h:551:8: error: value '58' out of range for constraint 'I', err: true
[INFO] [stderr]   ./libc/softdevice/nrf_soc.h:560:8: error: value '59' out of range for constraint 'I', err: true
[INFO] [stderr]   ./libc/softdevice/nrf_soc.h:569:8: error: value '60' out of range for constraint 'I', err: true
[INFO] [stderr]   ./libc/softdevice/nrf_soc.h:578:8: error: value '61' out of range for constraint 'I', err: true
[INFO] [stderr]   ./libc/softdevice/nrf_soc.h:587:8: error: value '62' out of range for constraint 'I', err: true
[INFO] [stderr]   ./libc/softdevice/nrf_soc.h:596:8: error: value '63' out of range for constraint 'I', err: true
[INFO] [stderr]   fatal error: too many errors emitted, stopping now [-ferror-limit=], err: true
[INFO] [stderr]   thread 'main' panicked at 'Unable to generate bindings: ()', build.rs:17:10
[INFO] [stderr]   stack backtrace:
[INFO] [stderr]      0:     0x56362ae93f05 - backtrace::backtrace::libunwind::trace::h5e2646fa3eddf2ea
[INFO] [stderr]                                  at /cargo/registry/src/github.com-1ecc6299db9ec823/backtrace-0.3.46/src/backtrace/libunwind.rs:86
[INFO] [stderr]      1:     0x56362ae93f05 - backtrace::backtrace::trace_unsynchronized::hb95dd7f77ce47877
[INFO] [stderr]                                  at /cargo/registry/src/github.com-1ecc6299db9ec823/backtrace-0.3.46/src/backtrace/mod.rs:66
[INFO] [stderr]      2:     0x56362ae93f05 - std::sys_common::backtrace::_print_fmt::h5e71b67af43fd70d
[INFO] [stderr]                                  at src/libstd/sys_common/backtrace.rs:78
[INFO] [stderr]      3:     0x56362ae93f05 - <std::sys_common::backtrace::_print::DisplayBacktrace as core::fmt::Display>::fmt::hdb4a83d2b61107e5
[INFO] [stderr]                                  at src/libstd/sys_common/backtrace.rs:59
[INFO] [stderr]      4:     0x56362aebde0c - core::fmt::write::ha20e7262fa3e8a7a
[INFO] [stderr]                                  at src/libcore/fmt/mod.rs:1076
[INFO] [stderr]      5:     0x56362ae90842 - std::io::Write::write_fmt::h1aebfe8a5a79e36d
[INFO] [stderr]                                  at src/libstd/io/mod.rs:1537
[INFO] [stderr]      6:     0x56362ae967a0 - std::sys_common::backtrace::_print::h9c07314cc66ba539
[INFO] [stderr]                                  at src/libstd/sys_common/backtrace.rs:62
[INFO] [stderr]      7:     0x56362ae967a0 - std::sys_common::backtrace::print::hd1fd65f49a2d8544
[INFO] [stderr]                                  at src/libstd/sys_common/backtrace.rs:49
[INFO] [stderr]      8:     0x56362ae967a0 - std::panicking::default_hook::{{closure}}::h222da46485ab36fc
[INFO] [stderr]                                  at src/libstd/panicking.rs:198
[INFO] [stderr]      9:     0x56362ae964ec - std::panicking::default_hook::hc5868949d129ed00
[INFO] [stderr]                                  at src/libstd/panicking.rs:217
[INFO] [stderr]     10:     0x56362ae96de3 - std::panicking::rust_panic_with_hook::h26a6ab8b0993c0c8
[INFO] [stderr]                                  at src/libstd/panicking.rs:526
[INFO] [stderr]     11:     0x56362ae969db - rust_begin_unwind
[INFO] [stderr]                                  at src/libstd/panicking.rs:437
[INFO] [stderr]     12:     0x56362aebc4c1 - core::panicking::panic_fmt::h17139c2000299725
[INFO] [stderr]                                  at src/libcore/panicking.rs:85
[INFO] [stderr]     13:     0x56362aebc2e3 - core::option::expect_none_failed::h972f96abb4ec8952
[INFO] [stderr]                                  at src/libcore/option.rs:1269
[INFO] [stderr]     14:     0x56362a933e5e - core::result::Result<T,E>::expect::he162147b63e5ccad
[INFO] [stderr]                                  at /rustc/cfbc6d4cf1acbac5c025acf8ed68929caa551df3/src/libcore/result.rs:963
[INFO] [stderr]     15:     0x56362a935039 - build_script_build::main::h24acd3bbc7525a6c
[INFO] [stderr]                                  at /opt/rustwide/workdir/build.rs:10
[INFO] [stderr]     16:     0x56362a93536b - std::rt::lang_start::{{closure}}::hf3cf20c341372a7f
[INFO] [stderr]                                  at /rustc/cfbc6d4cf1acbac5c025acf8ed68929caa551df3/src/libstd/rt.rs:67
[INFO] [stderr]     17:     0x56362ae97283 - std::rt::lang_start_internal::{{closure}}::h84a998219831fa70
[INFO] [stderr]                                  at src/libstd/rt.rs:52
[INFO] [stderr]     18:     0x56362ae97283 - std::panicking::try::do_call::he8e1d689a3e26def
[INFO] [stderr]                                  at src/libstd/panicking.rs:348
[INFO] [stderr]     19:     0x56362ae97283 - std::panicking::try::h264b6eebc2fa7bbf
[INFO] [stderr]                                  at src/libstd/panicking.rs:325
[INFO] [stderr]     20:     0x56362ae97283 - std::panic::catch_unwind::hbf28fafa723b2128
[INFO] [stderr]                                  at src/libstd/panic.rs:394
[INFO] [stderr]     21:     0x56362ae97283 - std::rt::lang_start_internal::he959aa59bc3ec202
[INFO] [stderr]                                  at src/libstd/rt.rs:51
[INFO] [stderr]     22:     0x56362a935347 - std::rt::lang_start::h9df5e1bff4ad5671
[INFO] [stderr]                                  at /rustc/cfbc6d4cf1acbac5c025acf8ed68929caa551df3/src/libstd/rt.rs:67
[INFO] [stderr]     23:     0x56362a9351ba - main
[INFO] [stderr]     24:     0x7f0572b5c0b3 - __libc_start_main
[INFO] [stderr]     25:     0x56362a93319e - _start
[INFO] [stderr]     26:                0x0 - <unknown>
[INFO] [stderr] warning: build failed, waiting for other jobs to finish...
[INFO] [stderr] error: build failed
[INFO] running `Command { std: "docker" "inspect" "0fb4737402acced3e31f7cf48d4edf72a6efe591bdccecb869f5082c2497c853", kill_on_drop: false }`
[INFO] running `Command { std: "docker" "rm" "-f" "0fb4737402acced3e31f7cf48d4edf72a6efe591bdccecb869f5082c2497c853", kill_on_drop: false }`
[INFO] [stdout] 0fb4737402acced3e31f7cf48d4edf72a6efe591bdccecb869f5082c2497c853
